 - -87. Let t(d) = d**2 + d + 1. Let z be t(-2). Suppose -z*k = i - 1019. Is k a prime number?
False
Let t = 9 - 4. Let u = -397 + 399. Suppose -t*o + 287 + 905 = -3*v, -2*o + 480 = u*v. Is o a prime number?
True
Let n = -23 + 34. Let v be (-38)/(-5) - 120/200. Suppose 7948 = n*r - v*r. Is r a composite number?
False
Suppose -4*o = s + 2, -5*s - 10 = 9*o - 11*o. Let t = 20 - s. Is t composite?
True
Suppose 0 = -7*l + 2*l + 8770. Suppose -v + l = -1745. Is v prime?
True
Let j(c) = 22*c**2 + 30*c + 31. Let s(w) = 9*w - 63. Let n be s(6). Is j(n) a composite number?
False
Is (884608/64)/((-9 + 5)*(-2)/4) prime?
True
Let k(a) = -a**2 + 13*a - 17. Let v(m) = -2*m**2 + 11*m - 13. Let f(y) = 8*k(y) - 9*v(y). Let l(z) = 2*z + 8. Let i be l(-7). Is f(i) composite?
False
Let q = -5 - -3009. Let r = q + -1631. Is r prime?
True
Let o be (-36 - -34) + 1*5. Let u(w) = 149*w**2 + 2. Is u(o) a composite number?
True
Suppose -52*h + 88408 + 812262 = -820582. Is h composite?
True
Let i = -208 + 245. Suppose 0 = i*z - 19074 - 115717. Is z prime?
True
Suppose -4*i + 3126 = -5*t, 2*t + i + 4*i = -1257. Let x = 944 + t. Suppose -x = -11*d + 5*d. Is d a prime number?
True
Suppose -67*v = -65*v + 90. Is 270/v*(311/(-3) + 0) a prime number?
False
Let t(f) = -f**3 + 2*f**2 + 3*f**3 + 7*f + 19*f**2 - 19*f - 1 - 17*f**2. Let n be 0 - (-1 + (-8 - -2)). Is t(n) composite?
False
Suppose -4*g - 365781 + 23638 = -3*n, -n = -5*g - 114066. Is n composite?
False
Suppose 3*o + 131 = 2*q, -5*q + o + 4*o = -330. Suppose 63*c = q*c - 11148. Is c a composite number?
True
Let r(k) = -k**3 - 10*k**2 + 10. Suppose -u - 160 = 15*u. Let g be r(u). Suppose g*j - 24*j + 1316 = 0. Is j prime?
False
Suppose -3*t + 4*v + 91858 = -18405, 0 = t + v - 36766. Is t a prime number?
True
Suppose -6875 = -28*s + 23*s - 5*n, 4*s = 4*n + 5548. Is s a composite number?
False
Let g = -13101 - -9341. Is 41/5*g/(-16) a composite number?
True
Let x(v) = 37*v**2 + 56*v - 23. Is x(-40) composite?
True
Suppose -160046 = -2*h + 22*w - 19*w, w + 240083 = 3*h. Is h a composite number?
True
Let h be 98/6 + (-5)/15. Let i(x) = x**3 - 16*x**2 + x - 12. Let o be i(h). Suppose o*p = -2*z - z + 1173, 2*z = 5*p + 782. Is z composite?
True
Let r = 6683 - -42740. Is r a prime number?
False
Let p = 12341 + 2628. Is p prime?
True
Let l(i) = -1692*i - 13. Let r(p) = p**2 - 14*p - 2. Let h be r(14). Is l(h) composite?
False
Suppose 0*n - n = w - 4660, w = -5*n + 4660. Suppose 0 = -4*u + w + 688. Suppose -2*x + 3*x - u = 0. Is x a composite number?
True
Let a(k) = -14*k - 112. Let d be a(-8). Suppose d = j + 3*r - 3057 + 893, 0 = j + 4*r - 2163. Is j prime?
False
Let l be 90/14 + 3*4/(-28). Is (-537)/l*1*2*-17 a prime number?
False
Let d(n) = 3948*n**2 + 174*n + 1463. Is d(-10) prime?
True
Let t(j) = -2*j**3 - 3*j**2 + 7*j + 3. Let d = -37 - -42. Suppose -b = -2*b - d. Is t(b) a composite number?
True
Suppose 0*g + g + 4*c = 14, 2*g + 4*c = 20. Let h(z) = 65*z**3 - 9*z**2 - 17*z - 1. Is h(g) a prime number?
True
Let x be -2*(45/21)/((-2)/7). Suppose 385 = 10*n - x*n. Is (-44)/n - 21031/(-7) prime?
False
Suppose -i + 5*y = -737712, 79*i = 82*i - 2*y - 2213149. Is i a composite number?
False
Let z be (12/(-9))/(1/3). Is 8854/4*2*(5 + z) composite?
True
Let d = -20 - -14. Is (-9)/d*63734/33 a composite number?
False
Suppose 2*l + 1798508 = 5*n + l, 0 = -n - l + 359698. Is n a composite number?
False
Let b(p) = 2232*p**2 - 343*p - 1371. Is b(-4) a composite number?
True
Suppose 0 = -2*c - 0*c - 5*o + 28, -5*c - 5*o = -40. Suppose 20 = -4*r, 0 = s - 2*s - c*r + 14009. Is s composite?
False
Suppose -g + 35 - 13 = -4*u, 0 = 3*g - 4*u - 50. Let n be (-9)/21 + 225896/g. Suppose o - n = -4*o. Is o composite?
True
Suppose -5*q = -q - 7940. Suppose 0 = h + 4*d - 24, 4*h - 3*d - 23 + 3 = 0. Suppose -h*x + q = -7*x. Is x a composite number?
True
Suppose -3*v + 4 = -2*g - 2*v, -3*g + v - 4 = 0. Suppose g = 3*a - 50 + 5. Let r = 754 + a. Is r a composite number?
False
Suppose 50*d - 4*b = 47*d + 4487993, -2*b = 10. Is d prime?
False
Let l be 27/(-2)*(-5 - -3)*1. Suppose -8*t = -l*t + 42503. Is t a composite number?
False
Suppose -5*c = 5*y - 1135670, -3*y = -219*c + 224*c - 681408. Is y composite?
False
Let d be (-5)/15*-1 + (-34)/(-6). Suppose -d*b = -13*b + 83111. Is b a composite number?
True
Suppose -5*l = -5*d - 1211546 + 6023236, -2*d + 1924683 = 5*l. Is d a composite number?
True
Let b(z) = 38*z**2 + 212*z + 121. Is b(-20) a composite number?
True
Suppose -12*v = -26 - 22. Suppose -34*u = v*b - 33*u - 9746, 4*u = 4*b - 9756. Is b composite?
False
Suppose -8*v + w = -5*v + 3918, 5*v + 5*w = -6530. Let k = v - -1985. Is k a composite number?
True
Let u = 422011 - 229782. Is u a composite number?
False
Let d = 110378 - -322389. Is d prime?
False
Suppose 3*w + 2*y + 5688 - 36059 = 0, 4*w + y - 40503 = 0. Let b = w + -6928. Is b a composite number?
True
Suppose 4*a - 1742 = 2*c, -5*c + 15 = -2*c. Let z be 1 + -2 + -11 + a. Suppose 5*u - 3*p - 913 = 0, 5*u - 491 - z = 2*p. Is u a composite number?
True
Let t = -116 + 102. Is (t/(-3))/7 + 17834/6 composite?
True
Let i = 77824 - 48561. Is i prime?
False
Let w(h) = -2*h**3 + 132*h**2 + 4*h - 137. Is w(62) a composite number?
True
Suppose 2*f - 137 = 125. Let q = 133 - f. Is (((-128655)/(-6))/(-15))/(q/(-4)) a prime number?
False
Suppose -2*j + 2*m - 13 = -3*j, -2*m - 7 = -3*j. Suppose 3*p + 5*l = 698, -j*l - 28 = -3*p + 720. Let k = p + -110. Is k a prime number?
True
Let k be (-4 - -2) + ((-2)/(-2) - -7). Suppose -3*y + 3 = 0, t + 25498 = k*t + 3*y. Is t a composite number?
False
Let q be 140/12 - (-6 - -3)/9. Suppose -9*x + q = -3*x. Suppose -x*m - 4*m = -198. Is m prime?
False
Let c be (-7)/(-14) - (-3)/2. Suppose c*k + 3*j + 4 = 0, 7*j + 10 = 2*j. Is k/4 + (-6)/(-8) + 162 a composite number?
False
Let x be 4/(-22) - 17458*(-63)/(-198). Let b = x + 15232. Is b a composite number?
False
Suppose 143 = -127*d + 140*d. Suppose -d = f - 7, 2*p = 5*f + 25754. Is p a prime number?
False
Suppose -547305 = -7*d - 168724. Is d a composite number?
False
Let r = 58546 - -22408. Suppose -4*q + r = -27242. Is q prime?
False
Let f(w) = 36434*w**2 - 4*w + 3. Is f(1) composite?
False
Suppose -5*c - 4*b + 8*b + 14 = 0, -4*b - 8 = -4*c. Is (3837/c)/(3/6) a prime number?
True
Suppose 2*k - 3 = -m, -4*m = -2*k + m + 9. Is k/(2 + 0) - (-116196)/69 composite?
True
Let a = -5376 + 6527. Is a a composite number?
False
Suppose -11*g - g = -36. Suppose 0*c = g*c - 3. Is (-395)/2*(6 - 8/c) prime?
False
Let g(b) = -b**2 - 11*b - 14. Let m be g(-9). Suppose m*r + 0*z + 2 = -3*z, -3*z = 3*r. Is -2 - 1/(r/1952) prime?
False
Let y be (-123)/(-12) - 0 - (-40)/(-32). Let u(q) = 24*q**2 + 5*q - 16. Is u(y) a composite number?
False
Suppose 101792 + 166026 - 78021 = p. Is p a prime number?
True
Suppose -4*n + 7*n + 2*q = 1098, 5*q + 366 = n. Suppose -5*r + 582 = -z, -2*r + n = r + 5*z. Is r - (-4)/(1/1) prime?
False
Let o(h) = 4*h**2 - 11*h + 15. Let i be o(-20). Suppose -9194 + i = -11*v. Is v prime?
False
Suppose 0*j + 49 = w + 3*j, 34 = w - 2*j. Suppose 0 = -13*d + 9*d + w. Is 622/d + (-7)/35 + -3 a prime number?
True
Suppose 0 = -5*a - 5, 208*v - 212*v = 4*a - 689208. Is v prime?
False
Let h be 6 - 7/(14/(-6)). Let u(r) = r**3 - 6*r**2 - 11*r - 3. Is u(h) a prime number?
False
Let r be (-160)/(3 + -7) + 4. Let g = 52 - r. Suppose g*i - 4789 - 1539 = 0. Is i composite?
True
Suppose -2*t - 5*q + 286977 = -80817, -919519 = -5*t - 4*q. Is t a composite number?
False
Suppose -274264 = -45*c - 527258 + 4976599. Is c prime?
False
Suppose -7*k - 5*r + 3084 = -6*k, 2*r + 12248 = 4*k. Suppose -q = 2*u - 1139 - k, -2*q + 2103 = u. Is u composite?
True
Let b be -1464*(5 + -4 - 5). Let d = b - -1005. Is d prime?
False
Let k be 10/(40/5937) - (-9)/12. Suppose 4*c - k = 5*r, 0*c - 2*r = -4*c + 1470. Is c a composite number?
True
Let w(u) = 86*u**3 - 4*u**2 + 17*u - 7. Let v(t) = 3*t**3 - 7*t**2 + 3*t + 2. Let c be v(2). Is w(c) prime?
True
Let f(s) = 21*s**3 - 137*s**2 - 25*s + 56. Is f(17) a composite number?
False
Is (-396)/44*427612/(-36) a composite number?
False
Suppose 0*q = q - 2. Let a be (25/(-10))/(q/(-4)). Suppose 4*n - 6*n = -4*m - 1654, a*n = 2*m + 4167. Is n composite?
True
Let i(q) = 4*q + 59. Let b be i(-6). Suppose b*